 What is t(w)?
1
Let q(a) = a**3 - 3*a**2 - 5*a - 1. Let w = 23 - 19. Calculate q(w).
-5
Let u(p) = -p**2 + p + 6. Let z(f) be the first derivative of 3*f**2/2 + 2*f - 1. Let n be z(-3). Let r(o) = -o - 7. Let k be r(n). What is u(k)?
6
Let w(o) be the first derivative of -1/4*o**4 + 2*o**3 + 2 + 1/2*o**2 - 8*o. What is w(6)?
-2
Let a(l) = 3. Let p = 13 + -18. Let m(c) = c - 7. Let i(o) = p*a(o) - 2*m(o). Determine i(-3).
5
Suppose 3*r = 2*r + 3. Suppose -3*v = 2*f - r*f - 17, 0 = -4*f - 8. Let s(n) = 4*n + 0 - 1 - v*n. What is s(-4)?
3
Let o(l) = l - 12. Let j = 24 - 9. Let d be (-6)/j - (-96)/15. Determine o(d).
-6
Let s(k) = k - 3. Suppose -10 = 4*v - 74. Suppose 0*g = 4*g + v. What is s(g)?
-7
Let m(i) = 1 - 3*i**2 - 2*i**2 - i**3 + 5. Let p = 2 - 3. Let g be p/3 - (-14)/(-3). Determine m(g).
6
Let d = 2 + -2. Let a be (-1)/(-2)*2*d. Let h(q) = q - 7*q + 3*q + 2*q + q**2. Calculate h(a).
0
Let i(f) = -18*f. Let b = 67 + -68. What is i(b)?
18
Suppose -4*w + h + 22 = 2*h, -w - 3*h + 11 = 0. Let o(q) = q - 7. Give o(w).
-2
Let t be (-5)/((-20)/(-8)) - 16. Let g = 18 + t. Let q(l) = l**2 + l + 5. Give q(g).
5
Let v(i) = i**2 + 6*i + 3. Let p = -20 - -15. What is v(p)?
-2
Let y(x) = 2*x - 1. Suppose 3*a - 5 = 7. Let w be (a/4)/(-2 + 1). Give y(w).
-3
Let a(w) = -w**3 - 7*w**2 + 2*w + 9. Suppose 3*f - 1 = -5*h - 30, 6 = 3*f. Give a(h).
-5
Let i(m) be the second derivative of -1/12*m**4 + 0 - 1/3*m**3 + 2*m + 0*m**2. Let a be (-6)/12 - 10/(-4). What is i(a)?
-8
Let y(p) = -p**3 + 5*p + 2. Let d be y(-3). Let r(s) = s - 14. Let t be r(d). Let a(z) be the third derivative of -z**4/24 + z**3/3 + z**2. What is a(t)?
2
Suppose -m + 2 = -0*m. Let b be 0 + (0 - 10) + m. Let n be ((-1)/2)/((-1)/b). Let u(a) = 3*a + 3. Calculate u(n).
-9
Suppose s + a + 11 = -0*s, -s + 3*a + 9 = 0. Let c(h) = -h**3 - 5*h**2 + 8*h + 4. What is c(s)?
-8
Let i(h) = 4 + 3*h - 2*h - 2*h**3 + h**3 - 5*h**2 + 0*h**2. Give i(-5).
-1
Let p(u) = 8*u. Suppose -3 = s - 4. What is p(s)?
8
Let c(t) = -2*t + 1. Let o be ((-12)/3)/((-2)/10). Let w be (1*o - -2) + -2. Suppose -g - 4 = 0, -4*v + w = 2*g - 4*g. What is c(v)?
-5
Suppose -5*y - y + 30 = 0. Let s(v) be the first derivative of -1/4*v**4 + 4*v - 1/2*v**2 + 5/3*v**3 + 2. Give s(y).
-1
Let b = -118 - -111. Let y(d) = 3*d + 9. Determine y(b).
-12
Let z(x) = 13*x**3 + x**2 - x - 1. Suppose -2*b = n, 4*n + 6 = -4*b + 5*n. Give z(b).
-12
Let c(z) = z**2 - 3*z - 31. Let n be c(7). Let q(o) = -4*o - 4*o + 3*o - 3. What is q(n)?
12
Let h be (-30)/(-8) + 6/(-8). Let l(g) be the second derivative of -3*g - 5/6*g**3 + 1/12*g**4 + h*g**2 + 0. Calculate l(5).
6
Suppose -4*l + s = 0, -s - 1 - 3 = 0. Let n be 5 + l + 1 + 0. Let f(o) = o**3 - 4*o**2 - 4*o + 4. Calculate f(n).
9
Let p be 0/(-2) + -1 - -3. Suppose -p*u = -5*u - 6. Let o(j) = -j + 1. Let k(i) = -6*i + 6. Let n(l) = -k(l) + 5*o(l). Calculate n(u).
-3
Suppose 5*l - 3*f = 9, 4*l + 2*f + 7 - 1 = 0. Let i(n) = 2*n + 3*n - 6 - 4*n. Calculate i(l).
-6
Let f(a) = -a - 13. Let p(y) = -10*y + 3. Let x be p(1). Determine f(x).
-6
Suppose 2*y = -2*s, -4*s = s - 4*y. Let v(o) be the third derivative of -3*o**2 + s*o + 1/24*o**4 - 1/3*o**3 + 0. Give v(2).
0
Suppose -12*n + n = -44. Let z(p) be the second derivative of 2*p - p**2 - 1/12*p**n + 0 + 2/3*p**3. Give z(5).
-7
Suppose -4*y = -2*y. Let c(n) = 5*n - 11*n - 6 + 6*n - n. Determine c(y).
-6
Let y(a) be the first derivative of -a**2/2 - 3*a - 3. Determine y(-4).
1
Let l be (2/(-5))/(4/(-20)). Let i(b) = -1 - 3*b + 4*b + l. Let a = 4 - 5. Calculate i(a).
0
Let z(v) be the second derivative of -v - 1/3*v**3 + 0 - 3*v**2. Let h be z(-5). Let x(i) = -i**3 + 4*i**2 - 2. Calculate x(h).
-2
Suppose 5*u + 4 = 34. Let q(w) = -6 - w**2 - u*w - 1 + 3. Calculate q(-4).
4
Suppose -9 = 2*x - 3. Let u be (-8)/(-2*x/(-6)). Let c be (-26)/(-8) + 6/u. Let i(o) = o**2 - 3*o + 2. Give i(c).
6
Let j(g) = g - 1. Let n be j(-1). Let a(f) = 42*f + 33*f + 3 - 69*f. Determine a(n).
-9
Let t(l) = 9*l**2 - 2*l + 1. Let y(g) = -g. Let i(q) = t(q) - 4*y(q). Let s be i(-1). Let h(j) = j**2 - 9*j + 3. Calculate h(s).
-5
Suppose -9 = -0*d - 3*d. Let w(z) = -24*z + 24*z - z**d - 1. Suppose -3*y - 2*y = 2*u - 27, -13 = -3*u - 2*y. Give w(u).
-2
Let m(s) = -8*s**2 + 2*s + 5. Let b(h) = -7*h**2 + 2*h + 6. Let q(u) = -4*b(u) + 5*m(u). Let v = 61 - 62. Give q(v).
-13
Suppose 0 + 2 = n. Suppose -2*i = 2*a - 6, -2*i + 2*a = n - 12. Let l(c) = 2 + 0 - c**2 + 4*c + c - i. Determine l(5).
-2
Let n(a) = a**2 - 3*a + 2. Suppose 11*l = 8*l + 9. Calculate n(l).
2
Let a(p) = p**2 + 12*p + 3. Let v be a(-12). Let o(z) = -2*z - z - z - v*z. Calculate o(-1).
7
Let p(j) = j**2 + 5*j + 2. Suppose -3*h = -3*z - 12, h = -2*h + 2*z + 10. Suppose b + 3*r - 3 = 0, -4*b + 1 = -r + 15. Let i = b - h. Calculate p(i).
2
Let h be 6/(-36) - 34/12. Let i(c) = c**2 + 6*c - 2. Calculate i(h).
-11
Let p(v) be the second derivative of 1/6*v**3 + 2*v + 0 + 1/2*v**2. Calculate p(1).
2
Let a(x) = -x + 4. Let r be a(2). Let t(o) = -2*o. What is t(r)?
-4
Let s be 9*-1*(-56)/(-84). Let n(h) = 13*h**2 + 16*h + 29. Let x(b) = -7*b**2 - 8*b - 15. Let v(d) = -6*n(d) - 11*x(d). What is v(s)?
3
Let z = -37 - -31. Let o(v) = v. Give o(z).
-6
Let v(w) be the third derivative of -w**5/120 + w**4/2 + 7*w**3/6 + 2*w**2. Let o(m) be the first derivative of v(m). What is o(6)?
6
Let c(l) be the second derivative of -l**3/3 - l**2 + l. Let h be c(2). Let t be h/(-15) - (-24)/15. Let v(d) = 2*d**2 - 4*d + 2. What is v(t)?
2
Let g(x) = 3*x. Let t be (-26)/(-7) - (-8)/28. Let y(u) = u - 3. Let a be y(t). Let j = 1 + a. What is g(j)?
6
Let w(q) = q - 8. Let r be w(8). Let m be (r*(-1 + 2))/(-1). Let d(h) = 9 - 2 + h + m. What is d(0)?
7
Let k be (2 - (-1)/(-1)) + -2. Let w = 0 + -4. Let d(l) = 2*l**3 + l**2 + l + 1. Let v(b) = -2*b**3 - b**2 - b - 1. Let h(n) = w*d(n) - 3*v(n). What is h(k)?
1
Suppose -z - 2*f = -0*f - 8, f - 4 = -4*z. Let l(i) = -i - 8. Give l(z).
-8
Let c(m) = m. Suppose -a + 3*r - 4 = -0, -3*a + 14 = 4*r. Let w be (a/(-1) - -2)/2. Calculate c(w).
0
Let a(l) = -l - 1. Let z(d) = 1. Let v(b) = -a(b) - z(b). Calculate v(2).
2
Let d(b) be the second derivative of 1/4*b**4 - 2*b - 1/2*b**2 + 0 - 1/60*b**5 - 1/6*b**3. Let c(r) be the first derivative of d(r). Give c(4).
7
Let q(j) be the third derivative of -j**4/6 + j**3/3 + 26*j**2. Give q(2).
-6
Suppose 18 = -4*g + 7*g. Let j(l) = 3*l**2 - 25*l + 2. Let q(r) = -r**2 + 8*r - 1. Let w(d) = -2*j(d) - 7*q(d). Determine w(g).
3
Suppose -4*k - 5 = -l, -2*k - 5*l + 36 = 11. Suppose k = -z - 1 - 2. Let a(n) = -n**3 - 2*n**2 + 4*n + 2. Give a(z).
-1
Let x(k) = -k**3 + 4*k**2 + 3. Let d(c) = c**3 + 4*c**2 + 3*c + 3. Let h be d(-3). Suppose 0 = -h*r + 5*r - 8. Give x(r).
3
Let p(c) = 4 + 0*c - 2*c - 8. Let b(s) = -16*s + 2. Let h be b(2). Let f be (2/4)/(5/h). Give p(f).
2
Suppose z - 3*t = -8, 7*z = 4*z - t + 16. Let r(u) = u - 9. What is r(z)?
-5
Let l(m) = 7*m**2 + 6*m - 13. Let y(u) = 3*u**2 + 3*u - 6. Let w(g) = 4*l(g) - 9*y(g). Calculate w(3).
2
Let y(p) = p - 3. Let q be y(3). Suppose q = -2*f + 4*c + 4, 0*c - 2*c + 10 = 5*f. Let l(i) = 0*i**f + 5*i**2 - 2*i**2 + 2*i + 1. Calculate l(-2).
9
Let t(i) = -i + 2. Suppose 0 = -3*b + 9, 3*m - 3 = 6*b - 7*b. Determine t(m).
2
Let o(z) = -z + 9. Let p = 45 - 45. Give o(p).
9
Let q(m) = -m - 1. Suppose 0 = -3*r + 8 - 2. Let l be (0/(-1))/(2/r). What is q(l)?
-1
Let k(j) = -j**2 + 2*j - 4. Let n(v) = 4*v**2 - 8*v + 17. Let m(q) = 9*k(q) + 2*n(q). Give m(4).
-10
Suppose -4*l + 3*b - 4 + 19 = 0, -3*l + 4 = 5*b. Let y(h) = h. Let i(g) = 2*g + 3. Let u(x) = -i(x) + y(x). Determine u(l).
-6
Let o(k) be the third derivative of -k**7/5040 - k**6/120 - k**5/30 - 3*k**2. Let b(s) be the third derivative of o(s). Determine b(-3).
-3
Let f(l) be the first derivative of l**4/12 - l**3/6 - l**2/2 - 3*l - 2. Let n(r) be the first derivative of f(r). Give n(2).
1
Let u(q) = q**2 + 8*q + 4. Let d be u(-8). Let z(o) = d + 3*o + 3*o**3 - 17*o**2 + 14*o**2 - 4*o**3. Give z(-3).
-5
Let p(r) = -7 + 4 - 4 + r. Let h = -3 + 7. Suppose 44 - 18 = h*c - 2*m, 2*c = -2*m + 4. What is p(c)?
-2
Let h(o) = -3*o**2 + 0*o**3 + o**3 - o**3 - 3*o + o**3 + 4. Determine h(4).
8
Let g(r) = 2. Let l(n) = -n - 5. Let s(a) = 5*g(a) + 2*l(a). Calculate s(1).
-2
Let o